0 + 2.
-4
What is (-2 - (8 - 19)) + -4?
5
Evaluate -10 - (3 - (-7 - -16)).
-4
Evaluate -7 + (2 - (-5 + 4)) - -7.
3
What is -5 - (-13 + 5) - 0?
3
-5 + 10 - (5 + -1)
1
Evaluate 0 - 0 - (1 + 0).
-1
What is the value of 25 + -16 + 1 + -8?
2
What is (3 - (0 - -6)) + 3?
0
Evaluate (3 - -5) + (-10 + 10 - 3).
5
Evaluate 2 + (4 - 6) + 1 + -2.
-1
What is the value of (1 - (1 + 3)) + -1 - -4?
0
0 - (-3 + 0 + -4 + 3)
4
What is 3 + (1 + -1 + 1 - 4)?
0
-1 + 1 + -1 - -5
4
(-2 - 4) + (6 - -2)
2
Evaluate -5 + -1 + 2 - (-13 + 10).
-1
What is the value of -5 + 6 + -6 + 4?
-1
What is the value of -8 + -2 - (-4 - 1)?
-5
Calculate -8 - (-8 - -2) - -5.
3
5 - (0 + 0) - 3
2
Evaluate -2 + 0 + 3 - (-25 - -29).
-3
Calculate -2 - (-4 - 3 - 1).
6
Calculate -4 - -4 - (6 + -5).
-1
Calculate 3 - 6 - 0 - (5 + -6).
-2
-3 - (-1 - (-1 + 2)) - 4
-5
What is the value of -7 - (-14 + 8) - (1 - 8)?
6
What is the value of -7 - (2 - (-6 + 3 + 8))?
-4
4 - ((68 - 61) + (-10 - -1))
6
What is 0 - (6 + 5 + -1)?
-10
Evaluate -2 + -3 + (2 - (-4 - -6)).
-5
0 - (-1 - (3 + -4))
0
-7 + -1 - (-2 + -6)
0
What is the value of -10 - -6 - (4 - 8)?
0
What is the value of 3 - (-7 + (1 - (7 - 8)))?
8
Evaluate 2 + -2 - (-11 + 9 + -2).
4
Calculate 8 - ((10 - -3) + -4).
-1
2 + (1 + -4 + 2 - 8)
-7
37 + -41 - (-1 - 4)
1
(2 - -10) + -12 + 1 + 5
6
Evaluate 13 - (12 + 11) - -1.
-9
What is the value of (-10 - 5 - -9) + -1?
-7
What is (-17 - -13) + (-2 - -3)?
-3
What is 0 + 4 - (1 + 0)?
3
Calculate 1 - (4 - (2 - 1)).
-2
What is the value of 3 + -1 + 39 + -49?
-8
Calculate 1 + -4 + 2 + 3.
2
Calculate 1 + 2 + (0 - 5 - -6).
4
What is the value of -6 + 3 + 0 + -2?
-5
What is 5 - 1 - (4 + -2)?
2
What is the value of -4 + 5 + 8 + -6?
3
Calculate -1 - 1 - -3 - (-9 + 6).
4
Calculate -119 + 118 + 4 + (2 - 3).
2
Evaluate (4 - -1) + (-11 - -8) - 5.
-3
Calculate (-7 - -5) + (2 - (-2 + 2)).
0
Calculate -6 - (3 + -1 - 6).
-2
Calculate 1 + 2 + (11 - 27) + 14.
1
-7 + (4 - (0 - -2)) - -4
-1
-6 + (12 - 0 - 7)
-1
What is -14 - -7 - (-9 - (8 + -16))?
-6
-2 - (-12 - -11 - (-1 - -4))
2
What is the value of -5 + -9 + (-11 - -19)?
-6
Calculate (-11 + 7 - -3) + -2 + -2.
-5
4 + (-3 - -6) + -7 + 3
3
Calculate (-3 - -2) + 5 + -9 + 0.
-5
What is 1 - (5 - (6 + -4)) - 3?
-5
(4 - 1) + (6 - 11 - -2)
0
-1 - ((6 - 7) + -8)
8
-6 + 3 + 3 + (3 - -1)
4
What is (123 - 114) + (-14 - 1)?
-6
Evaluate 7 + (-8 - 0 - (10 - 13)).
2
Calculate 1 + (-18 - -9) + (4 - 0).
-4
What is the value of (1 - 1) + 2 - (7 + -2)?
-3
What is 22 + -22 + (2 - 4)?
-2
What is the value of -9 - (-8 - (-4 - 0))?
-5
-4 - -8 - 7 - (-2 + 4)
-5
Evaluate 4 + (6 - (8 - -2)) - -5.
5
What is 24 + -24 + (-2 - -1)?
-1
What is 2 + -1 - (-19 + 14)?
6
4 + (2 + -10 - (1 - 4))
-1
Evaluate (0 - -1) + -3 - (-3 - -5).
-4
Calculate -5 + 10 + 0 + -1.
4
0 + (-3 - (2 - 4))
-1
What is the value of 2 - (-3 - -1) - 0?
4
Evaluate 13 + (-3 - (5 + 13)).
-8
What is the value of 16 + (8 - 16) + 0?
8
Evaluate (7 - (4 + -1 - 0)) + -4.
0
-1 + (4 - (-2 + 8))
-3
Evaluate 3 - 12 - -15 - 9.
-3
What is the value of 4 - (6 - (-9 + 5 + 1))?
-5
(-5 - 0) + (63 - 53)
5
Evaluate 4 + 0 - (-1 + 2 + 2).
1
What is the value of (3 - 1 - 1) + (4 - 2)?
3
2 - (-7 - (-10 + 8))
7
-9 - (-6 + (-4 - (-2 + -4)))
-5
Evaluate 0 + (-4 - (-3 + 1)).
-2
What is (-3 - 6 - -3) + 4 + -2?
-4
Calculate (-1 - (2 + -5)) + 0.
2
What is the value of -1 + (21 - 7) + -8 + 2?
7
Calculate (-2 - 0) + -5 + 11.
4
What is the value of -16 - (-20 + 3 + 7)?
-6
What is (10 - 0) + 21 + -24?
7
Evaluate 3 + -2 + 5 + -7 + 6.
5
Calculate 1 + (-3 - -14) + -23.
-11
3 + -6 - (-1 - 4)
2
What is 6 - ((11 - 4) + 0)?
-1
Calculate -4 + (18 - 9) - 2.
3
What is 79 + -91 - (-12 - 0)?
0
-17 + (3 - -2) + 9
-3
Evaluate (6 - 5 - 1) + 4 - 8.
-4
Calculate 5 + -5 - 0 - 3.
-3
What is 10 + (-4 - 5 - -5) + -4?
2
What is the value of 4 + 5 + -6 + (0 - 1)?
2
-4 - -14 - (10 + -8)
8
What is 0 - (-9 - (6 + -14))?
1
What is -4 + -4 + 11 + -4 + 3?
2
Calculate 4 - (2 + 6) - 2.
-6
(21 - 21) + 2 + -5
-3
Calculate (3 + -8 - -3) + 5.
3
Evaluate 1 - 4 - -6 - (-6 - -11).
-2
6 - (-1 + 1) - (-415 + 424)
-3
2 + (7 + -19 - -5)
-5
What is 1 - 5 - (15 - (3 + 6))?
-10
Calculate 1 + 1 + (-29 - -21) + 12.
6
Calculate -2 - (0 - 8) - (-23 - -24).
5
Evaluate (-2 - -2) + -8 + 15 + -6.
1
What is 20 - 21 - (-4 + 0)?
3
Evaluate 0 - 2 - (12 - (10 + -2)).
-6
Evaluate 3 + -5 + -2 + 9.
5
What is -7 + 5 + (0 - (1 + 0))?
-3
Calculate -6 + 1 + (11 - 6).
0
Evaluate 5 - ((-5 - 3) + 11).
2
5 + -8 + (10 - 4)
3
What is 0 - -6 - 3 - 3?
0
10 - (21 + -14 + 6 + -7)
4
What is -4 - (-8 - 6) - 6?
4
What is 1 + (9 - (10 + -1))?
1
Evaluate -8 + (-1 - -6) + -2 - -10.
5
11 - (-2 + 7) - 2
4
Calculate (7 - (7 + -6)) + 0 + -2.
4
What is -6 - (-5 + -1 + 4)?
-4
What is (-2 + -2 - -2) + 4 + -2?
0
What is -1 - (5 + -1 + -2) - 0?
-3
What is -2 + -6 - (-10 + (-14 - -15))?
1
Evaluate 0 + 10 - (9 - -4 - 9).
6
What is -8 - (-7 - -7 - 6)?
-2
What is (0 - 0) + -3 + -2 + 3?
-2
11 + 5 + -10 - 3
3
What is the value of (3 - 1) + (4 + -12 - -9)?
3
What is the value of 9 + 0 + -4 + -10?
-5
Calculate 1 - 4 - (-4 + (-2 - -2)).
1
What is the value of -23 + 21 - (1 + (-5 - 0))?
2
Evaluate -5 + (6 + 6 - 5).
2
Calculate (-10 - (-3 - 9)) + 0.
2
What is the value of (-8 - -4 - -6) + 1 + 4?
7
7 - (4 + 7 + -4 - 0)
0
What is the value of -2 + 3 + -3 + 1?
-1
Evaluate -5 + 3 + 2 + -4 + 12.
8
What is the value of -4 + (2 - ((0 - -2) + -4))?
0
What is -4 - (8 + -15 + 1)?
2
What is 0 - (3 - (0 + 4 + -1))?
0
-3 - (6 - 4 - 0)
-5
Evaluate 2 + (2 - 6 - -7).
5
What is (1 + -1 - -2) + (0 - 2)?
0
What is the value of -24 - (-9 - 1) - -10?
-4
Evaluate -5 - (5 + -10 + -5).
5
166 - 165 - (0 + 9)
-8
What is the value of 13 - 17 - (0 - 2)?
-2
What is 6 - (7 - -14) - -8?
-7
What is -1 - (-2 + -4 + 2)?
3
What is the value of (-1 - -7 - -2 - -5) + -6?
7
Calculate (1 - -8) + -17 + 19.
11
Evaluate (-2 - (6 + -2 + -2)) + 3.
-1
-1 - 1 - (-115 + 107)
6
7 - (-11 + 27) - (2 + -8)
-3
What is the value of 5 + -7 + -10 + 6 - -1?
-5
What is the value of 5 + (3 - 1) - 3?
4
Calculate 3 + -3 + -12 + 2 + 4.
-6
(-5 - ((-6 - 0) + 1)) + -6
-6
What is the value of (-1 - (2 - -1)) + 4 + -8?
-8
Calculate 2 - ((1 - 5) + 10).
-4
7 - (-7 - -13 - 4)
5
25 + -27 + (1 - 4)
-5
What is the value of -10 + 29 + -4 - 8?
7
1 + -1 - 2 - 2
-4
What is the value of 5 + 1 + -9 + 8 + -8?
-3
What is the value of (2 - 4) + 1 + -2 - -5?
2
What is the value of 4 + 3 - 13 - (-1 + 1)?
-6
Evaluate 0 + -1 + (-3 - -2) + -1.
-3
Calculate 3 - 9 - (0 + -8).
2
What is 88 + -80 - (-2 + 7 - 1)?
4
Evaluate (0 - (-2 - (11 - 8))) + 4.
9
What is the value of -1 + -11 + (6 - 4) + 6?
-4
Calculate -10 + -1 + 6 + 0.
-5
Evaluate 7 - (-6 - -15) - -2.
0
Calculate 4 + 1 + 3 - 3.
5
(-7 - -17 - 8) + -9
-7
What is 0 - (2 - (0 + (0 - 1)))?
-3
Evaluate -4 + 6 - (0 + 2).
0
Calculate 2 - (4 - (-2 + 0 - 0)).
-4
Evaluate 7 + -5 + -7 - -2.
-3
Evaluate -2 - (-20 + (7 - -3)).
8
What is the value of 1 + 2 + 3 + -4 - 1?
1
(31 - 31) + (-9 - (4 - 6))
-7
1 + 14 + -14 + 1 + 1
3
What is the value of -4 - (-18 + 5 - 0)?
9
Evaluate 3 - (-2 + (3 - 1) + 0).
3
Evaluate 6 + 12 + -24 - (-2 + -1).
-3
Calculate 28 + -36 - (-10 + 1).
1
What is 6 + -2 + (0 - 5) + -6?
-7
Calculate -1 + -2 - (15 + -4 + -8).
-6
What is the value of (-5 - -13) + -1 - 9?
-2
Calculate 11 + -15 + (5 - -5).
6
What is 10 + (3 - 5) - 7?
1
Evaluate -4 + (2 - -10) + -3.
5
Evaluate (3 - 1) + 3 + (1 - 15).
-9
What is the value of 4 + (-13 + 5 - (-1 - 2))?
-1
14 - (-1 - (7 - 15))
7
Evaluate 6 + 2 + (13 - 22).
-1
What is the value of (-43 - -47 - (0 + -2)) + -3?
3
2 - (3 + 1 + 0)
-2
What is 0 + 14 - (13 + -14 + 6)?
9
Calculate 2 - (-3 - (-1 - 3 - -6)).
7
Calculate -8 + 0 + 153 + -150.
-5
Evaluate 29 + -30 - (-2 + 1 + 3).
-3
Evaluate -2 - -4 - (13 - 17).
6
8 - (11 + (-4 - (6 + -4)))
3
Calculate 2 + -1 + -8 + 1.
-6
-1 + (1 - 0) - (27 + -24)
-3
What is -13 - (6 + (-17 - -5))?
-7
What is the value of -14 + 14 + -7 - -7?
0
What is the value of (0 - 1) + (-16 - -21)?
4
What is the value of 3 + 6 + 1 + -10?
0
What is 3 + (-4 - (-2 + -2))?
3
Calculate (1 + -2 - 8) + 4 + 0.
-5
Evaluate -4 - (-5 - (1 - 8)).
-6
What is the value of -9 - -17 - 13 - (-4 - 0)?
-1
Calculate 9 + -23 - (-1 - 8).
-5
What is (-5 - -8) + 4 - 4?
3
Calculate -2 + -5 + -2 + 4.
-5
Calculate (-4 - (-4 + -3 + -2)) + -2.
3
6 + (1 - (4 + -1))
4
Calculate 3 + (